is the remainder when 841 is divided by g?
13
Let p be -4 + (17 - 8) - -70. Let y = -70 + p. What is the remainder when 149 is divided by y?
4
Suppose 5*p = 2*p + 2*n + 54, 0 = -2*p - n + 29. Let w be (9/12 - 568/(-32))*-4. What is the remainder when w/185 - (-217)/5 is divided by p?
11
Let l be -58 - (77/(-7) - 5/(-1)). Calculate the remainder when (-9 + 4)/((l/(-56))/(-13)) is divided by 11.
4
Suppose 370*t - 183*t = 184*t + 90. What is the remainder when 117 is divided by t?
27
Let c = 1874 + -1859. Suppose -10*q + 26 = -654. Calculate the remainder when q is divided by c.
8
Calculate the remainder when 556 is divided by (-5)/4 + 6/42 + (-7958)/(-56).
133
Let w(h) = h**3 - 9*h**2 - 2*h - 14. Let x be w(7). Let f = x - -184. Calculate the remainder when 405 is divided by f.
57
Let j = 647 - 646. What is the remainder when 176 is divided by (-4)/5 + j - 184/(-5)?
28
Let o(f) = f**3 - 13*f**2 + 16*f - 25. Let n be o(11). Let a = 166 + n. Let i(h) = 2*h**2 - 3*h + 4. What is the remainder when a is divided by i(3)?
10
What is the remainder when 21/6*9190/35 is divided by 92?
91
Let q = 958 + -955. Suppose 4*l + 4*u = -0*u + 240, -5*l + 306 = q*u. Let x(s) = 12*s**3 - 1. What is the remainder when l is divided by x(1)?
8
Let c be (-70)/175 - (-2944)/10. Let u = 455 - c. What is the remainder when u is divided by 41?
38
Let d = 17232 + -9482. Calculate the remainder when d is divided by 228.
226
Let l(m) = 14*m - 5. Let o be l(1). Suppose -3*z + 72 = -12*s + o*s, -s - 3 = 0. Let x(g) = 2*g**2 + 3*g - 5. Calculate the remainder when x(5) is divided by z.
18
Suppose 529 = -j + 198. Let g = -262 - j. What is the remainder when 273 is divided by g?
66
Suppose 4*d = 3*n - 24, 3*n - 24 = 3*d - 6. Let y(c) = 4*c**2 - 11*c - 73. Calculate the remainder when y(d) is divided by 6.
5
Let v = 23373 + -23223. What is the remainder when 1497 is divided by v?
147
Suppose 0 = 3*g + d - 111, -d + 0*d = -4*g + 141. What is the remainder when (4/6)/(6/936) is divided by g?
32
Let c(h) = h**3 - 4*h**2 + 1. Let o be c(4). Suppose -3*a = n + o + 89, -4*n - 3*a = 360. Let l = 116 + n. Calculate the remainder when l is divided by 6.
2
Suppose 5*r - 4*r - j - 107 = 0, -87 = -r - 3*j. Suppose 19*i - r + 7 = 0. Calculate the remainder when 28 is divided by i.
3
Let m(b) = 5*b**2 + b**3 - 12*b**2 - b + 5 + b**2 + 4*b**2. Suppose 3*i - 21 = -s, 0*i - 4*s = -2*i + 14. Calculate the remainder when m(4) is divided by i.
5
Suppose 2185*k = 2003*k + 1820. What is the remainder when 3508 is divided by k?
8
Suppose 5*c - 408 - 402 = 0. Suppose -2*w + 46 = -w - 3*x, x = 3*w - c. Let t = 4341 - 4180. What is the remainder when t is divided by w?
51
Let v(r) = 2*r**2 - 23*r + 6. Let i(h) = h**3 - 59*h**2 + 110*h + 299. What is the remainder when v(18) is divided by i(57)?
27
Suppose 13*f - 16*f = -4*t - 221, -t - 62 = -3*f. What is the remainder when 1 - (t - (1 + 20/(-4))) is divided by 13?
11
Suppose -3*l - m = -32, -5*l - m + 43 = -l. Let g = 118 + -56. Calculate the remainder when g is divided by l.
7
Let l = 18998 + -17437. What is the remainder when l is divided by 33?
10
Suppose -177556 + 51092 = -76*y. Calculate the remainder when y is divided by 825.
14
Let j(i) = -109*i**3 - 3*i**2 + 390*i + 391. What is the remainder when 427 is divided by j(-1)?
106
Let k = 61 + -44. Let p = 27 + k. Suppose -3*u + 25 = -p. What is the remainder when u is divided by 4?
3
Suppose -q - 3*q - 3*o + 1517 = 0, 0 = o + 1. Suppose a - 3*r - 95 = -r, -4*a = 4*r - q. What is the remainder when a is divided by 10?
5
Let f(q) = 11*q**2 - 10*q + 51. Let t(j) = 15*j**2 - 10*j + 51. Let m(o) = 3*f(o) - 2*t(o). Calculate the remainder when 623 is divided by m(3).
47
Let i(o) = -3 + 23 + 42 + 2*o - 2. Let k(f) = -2*f - 61. Let w(z) = 5*i(z) + 4*k(z). Calculate the remainder when 86 is divided by w(-17).
20
Suppose 53*n + m = 54*n - 1206, 2*n - 5*m = 2436. Calculate the remainder when n is divided by 312.
262
Suppose -4 = -2*c, -4*o - 4*c + 822 = -10. Let d(t) = -27*t - 2. What is the remainder when o is divided by d(-2)?
50
Let t(x) be the first derivative of -x**3/3 + 5*x**2/2 + 5*x - 13. Let a be t(3). Let n(b) = 4*b - 5. What is the remainder when n(a) is divided by 14?
11
Calculate the remainder when 15*17*(-25)/(-150)*4 is divided by 58.
54
Let l(a) = -10*a + 90. Let h be l(9). Suppose h = -4*m, 68 = 4*c - 3*m - 2*m. What is the remainder when 83 is divided by c?
15
Let z be (-47)/(-15) - (5 + 292/(-60)). Suppose -5 = -f, 3*f + f - 509 = -z*y. Calculate the remainder when y is divided by 41.
40
Let w(d) = -567*d - 4511. What is the remainder when 13197 is divided by w(-8)?
22
Suppose 0 = -8*o - 8*o - 2*o. Suppose o + 84 = 4*d. Calculate the remainder when 56 is divided by d.
14
Suppose -1437*c + 690 = -1422*c. What is the remainder when 339 is divided by c?
17
Suppose -5*y - 90 = -4*l, 2*l + 6 = -4. Let s = y - -24. Suppose -h = 3*g + h - 91, s*h + 112 = 4*g. What is the remainder when g is divided by 9?
2
Suppose 5*x - 4*x - 14 = 0. What is the remainder when x is divided by 322/35 - 56/280?
5
Let j = 26289 - 26267. Let t = 207 - 145. Calculate the remainder when t is divided by j.
18
Suppose 0 = -o + 5*t - 10*t + 197, -2*o + t + 361 = 0. Calculate the remainder when o is divided by 6.
2
Suppose 16*p - 30 = 10*p. Let w(d) = 19*d - 50. Calculate the remainder when 179 is divided by w(p).
44
Suppose -k = k + 2*b - 22, 3*b = 4*k - 65. Let v be (-1 - 10/(-6)) + k/(-3). What is the remainder when (4 + v - 0) + 23 is divided by 13?
10
Suppose 0 = 3*y + y - 48. Let t be 4/14 - (-17460)/140. Suppose -t = -5*j - 2*a + 116, j + 4*a - 59 = 0. Calculate the remainder when j is divided by y.
11
Let a(b) = 48*b - 3. Let v(d) = 97*d - 6. Let k(f) = -9*a(f) + 4*v(f). What is the remainder when k(-1) is divided by 19?
9
Suppose 1325 = -24*f + 317. Let k = 57 + f. Calculate the remainder when 33 is divided by k.
3
Suppose -11111 = -39*p + 14317. What is the remainder when p is divided by 189?
85
Suppose -83 - 1 = 6*r. Calculate the remainder when 90 is divided by 4/r - 3240/(-70).
44
Suppose 0 = -3*g + 5*x - x + 798, 3*g + 2*x - 798 = 0. Let i = g + -213. What is the remainder when i is divided by 8?
5
Let t(n) be the third derivative of 7*n**5/60 + 55*n**4/24 - 5*n**3/3 - 153*n**2. What is the remainder when 238 is divided by t(-9)?
52
Suppose -13*n + 36*n = 16*n + 364. What is the remainder when 2033 is divided by n?
5
Suppose 98*i + 83 - 1847 = 49*i. Calculate the remainder when 124 is divided by i.
16
Let j(w) = 3*w**2 - 165*w + 1853. What is the remainder when j(11) is divided by 75?
26
Calculate the remainder when (-12)/(-28) + (-384384)/(-392) is divided by 26.
19
Let z be (1 - -2) + 42 + 2/(-2). Let u = z - 40. Suppose -u*m + 50 = m. What is the remainder when 47 is divided by m?
7
Let y(w) = w**3 + 14*w**2 - w + 15. Let h(v) = v**2 - 9*v - 24. Let f be h(10). Let j be y(f). Let c = j - 25. What is the remainder when 19 is divided by c?
3
Let z = 25 - 2. Suppose -7*t - 2 + z = 0. Suppose -4*h - h + 3*v + 170 = 0, -t*h = -3*v - 96. Calculate the remainder when h is divided by 5.
2
Suppose 134*q = 261*q - 3429. What is the remainder when 185 is divided by q?
23
Let o = 386 + -339. Let a = -224 - -242. What is the remainder when o is divided by a?
11
Let f = 4861 + -4860. Let o(y) be the first derivative of 21*y**2/2 + 2*y + 1. What is the remainder when o(f) is divided by 8?
7
Calculate the remainder when 935 is divided by 4/17 + 45600/1275.
35
Let r = -1334 + 1309. Suppose -u - 27 = -4*u. What is the remainder when (-5)/(r/130) + 24/6 is divided by u?
3
Let z = 95 - 57. Suppose 0*n - z = -n. What is the remainder when n is divided by (-4 + 5)*(-20)/(-2)?
8
What is the remainder when 1215/90*((-34)/(-21) - (-2)/(-7)) is divided by 10?
8
Let a = 115 - 80. Let b(q) = q**2 - 7*q + 14. Calculate the remainder when a is divided by b(9).
3
Calculate the remainder when 285 is divided by (7 - 5 - (-8)/(-3))*(-77 + 5).
45
Let y(q) = q**3 + 21*q**2 - 7*q - 29. Let s be y(-21). Let o = s - 52. Calculate the remainder when o is divided by 18.
12
Let l(d) = -2*d**2 + 2*d + 16. Let c be l(3). Suppose 0 = -2*f + 5 + 1. What is the remainder when c/6*(46/4 + 2) is divided by f?
0
Suppose 520*f = 537*f - 10 - 126. What is t